{"id":2,"date":"2013-01-08T18:52:13","date_gmt":"2013-01-08T18:52:13","guid":{"rendered":"http:\/\/www.berndschmidl.com\/gradisnik\/?page_id=2"},"modified":"2020-01-07T09:25:33","modified_gmt":"2020-01-07T09:25:33","slug":"sample-page","status":"publish","type":"page","link":"https:\/\/friedrichgradisnik.com\/","title":{"rendered":"Home"},"content":{"rendered":"<p><img data-attachment-id=\"291\" data-permalink=\"https:\/\/friedrichgradisnik.com\/?attachment_id=291\" data-orig-file=\"https:\/\/i0.wp.com\/friedrichgradisnik.com\/wp-content\/uploads\/2020\/01\/WhatsApp-Image-2020-01-04-at-20.13.07.jpeg?fit=768%2C1024&amp;ssl=1\" data-orig-size=\"768,1024\" data-comments-opened=\"1\" data-image-meta=\"{&quot;aperture&quot;:&quot;0&quot;,&quot;credit&quot;:&quot;&quot;,&quot;camera&quot;:&quot;&quot;,&quot;caption&quot;:&quot;&quot;,&quot;created_timestamp&quot;:&quot;0&quot;,&quot;copyright&quot;:&quot;&quot;,&quot;focal_length&quot;:&quot;0&quot;,&quot;iso&quot;:&quot;0&quot;,&quot;shutter_speed&quot;:&quot;0&quot;,&quot;title&quot;:&quot;&quot;,&quot;orientation&quot;:&quot;0&quot;}\" data-image-title=\"WhatsApp Image 2020-01-04 at 20.13.07\" data-image-description=\"\" data-image-caption=\"\" data-medium-file=\"https:\/\/i0.wp.com\/friedrichgradisnik.com\/wp-content\/uploads\/2020\/01\/WhatsApp-Image-2020-01-04-at-20.13.07.jpeg?fit=225%2C300&amp;ssl=1\" data-large-file=\"https:\/\/i0.wp.com\/friedrichgradisnik.com\/wp-content\/uploads\/2020\/01\/WhatsApp-Image-2020-01-04-at-20.13.07.jpeg?fit=750%2C1000&amp;ssl=1\" decoding=\"async\" loading=\"lazy\" class=\"size-medium wp-image-291 alignright\" src=\"https:\/\/i0.wp.com\/www.friedrichgradisnik.com\/wp-content\/uploads\/2020\/01\/WhatsApp-Image-2020-01-04-at-20.13.07-225x300.jpeg?resize=225%2C300\" alt=\"\" width=\"225\" height=\"300\" srcset=\"https:\/\/i0.wp.com\/friedrichgradisnik.com\/wp-content\/uploads\/2020\/01\/WhatsApp-Image-2020-01-04-at-20.13.07.jpeg?resize=225%2C300&amp;ssl=1 225w, https:\/\/i0.wp.com\/friedrichgradisnik.com\/wp-content\/uploads\/2020\/01\/WhatsApp-Image-2020-01-04-at-20.13.07.jpeg?resize=305%2C407&amp;ssl=1 305w, https:\/\/i0.wp.com\/friedrichgradisnik.com\/wp-content\/uploads\/2020\/01\/WhatsApp-Image-2020-01-04-at-20.13.07.jpeg?w=768&amp;ssl=1 768w\" sizes=\"(max-width: 225px) 100vw, 225px\" data-recalc-dims=\"1\" \/><\/p>\n<p>Gradisnik hat die Figur selbst in seinen informellen Bildern, nie ganz verlassen.<\/p>\n<p>Er kehrt mit seinen AFTER DAY PICTURES zum Gegenstand zur\u00fcck und konzentriert sich immer mehr auf sich und seine subjektiven Gef\u00fchlsebenen. Die Figuration wird dem Maler immer \u00e4hnlicher, Malerei und Zeichnung verstehen sich und zeigen jenen Humor, den man von Ihm kennt.<\/p>\n<p>Die Unruhe vermeidet jede historische Ann\u00e4herung des Stils.<\/p>\n<p>Stil ist die Haltung zum Leben als Mensch, &#8211; als Maler.<br \/>\nIch male die Situationen, die Natur, die K\u00f6pfe, wie ich mir mit Ihnen vorkomme.<br \/>\nMit jedem Tag ein neues Leben-, ein Chaotisches, ein M\u00fcdes, ein Geordnetes,&#8212;und manchmal mit Humor und Selbstironie gepaart.<\/p>\n<p>Die \u00fcber hundert &#8220;after day pictures&#8221; entstanden im Zeitraum eines Jahres nach der Arbeit in einem Betrieb.<\/p>\n<p>Diese Bilder sind Emigration und Notwehr zugleich.<br \/>\nEs bedr\u00fcckt mich wie in diesem Land mit den K\u00fcnstlern und der Kunst umgegangen wird.<br \/>\nEs zeigt, wie man mit den Menschen umgeht.<br \/>\nDer K\u00fcnstler bewegt sich in der Gesellschaft, die Malerei folgt dem Ma\u00df des K\u00fcnstlers.<\/p>\n","protected":false},"excerpt":{"rendered":"<p>Gradisnik hat die Figur selbst in seinen informellen Bildern, nie ganz verlassen. Er kehrt mit seinen AFTER DAY PICTURES zum Gegenstand zur\u00fcck und konzentriert sich immer mehr auf sich und seine subjektiven Gef\u00fchlsebenen. Die Figuration wird dem Maler immer \u00e4hnlicher, Malerei und Zeichnung verstehen sich und zeigen jenen Humor, den man von Ihm kennt. Die&hellip; <a class=\"more-link\" href=\"https:\/\/friedrichgradisnik.com\/\">Continue reading <span class=\"screen-reader-text\">Home<\/span><\/a><\/p>\n","protected":false},"author":1,"featured_media":0,"parent":0,"menu_order":0,"comment_status":"open","ping_status":"open","template":"","meta":{"jetpack_post_was_ever_published":false},"jetpack_sharing_enabled":true,"jetpack_shortlink":"https:\/\/wp.me\/P7csad-2","jetpack-related-posts":[],"_links":{"self":[{"href":"https:\/\/friedrichgradisnik.com\/index.php?rest_route=\/wp\/v2\/pages\/2"}],"collection":[{"href":"https:\/\/friedrichgradisnik.com\/index.php?rest_route=\/wp\/v2\/pages"}],"about":[{"href":"https:\/\/friedrichgradisnik.com\/index.php?rest_route=\/wp\/v2\/types\/page"}],"author":[{"embeddable":true,"href":"https:\/\/friedrichgradisnik.com\/index.php?rest_route=\/wp\/v2\/users\/1"}],"replies":[{"embeddable":true,"href":"https:\/\/friedrichgradisnik.com\/index.php?rest_route=%2Fwp%2Fv2%2Fcomments&post=2"}],"version-history":[{"count":8,"href":"https:\/\/friedrichgradisnik.com\/index.php?rest_route=\/wp\/v2\/pages\/2\/revisions"}],"predecessor-version":[{"id":292,"href":"https:\/\/friedrichgradisnik.com\/index.php?rest_route=\/wp\/v2\/pages\/2\/revisions\/292"}],"wp:attachment":[{"href":"https:\/\/friedrichgradisnik.com\/index.php?rest_route=%2Fwp%2Fv2%2Fmedia&parent=2"}],"curies":[{"name":"wp","href":"https:\/\/api.w.org\/{rel}","templated":true}]}}